e 4 - q = -2*j. List the prime factors of j.
2
Suppose 5*s - 2*y - 2*y - 38 = 0, 0 = 3*s - 3*y - 24. Let q = s - 4. Suppose q*f = 4*j + 30, -5*j = f + 1 + 5. List the prime factors of f.
3
Let o(t) = -2*t - 3. Let q be o(-6). List the prime factors of 4/18 + 88/q.
2, 5
Let l be 2/(-11) + 4962/66. Let z = l + -51. What are the prime factors of z?
2, 3
Let x(g) = g**3 + 5*g**2 - 5*g - 4. Let h be x(-5). Let a be ((0/2)/(-1))/(-1). Suppose -4*b + 19 + h = a. What are the prime factors of b?
2, 5
Suppose 0 = 3*b - 4*u - 87, -u - u - 31 = -b. What are the prime factors of b?
5
Let y be 80/(-14) + (-6)/21. Let m = 38 - 24. Let z = y + m. List the prime factors of z.
2
Suppose 3*g = 4*g - 13. Suppose 0 = r - 4*s + 14, s + g = 2*r + r. What are the prime factors of r?
2, 3
Suppose -228 = -4*n - 4*m, 0 = -3*m + 4 + 11. What are the prime factors of n?
2, 13
Let y(i) = 3*i**2 - 1. Let x be y(-1). Let q be (6 - 1)/(-1 + x). Suppose -6*l = -2*t - 2*l + 32, 2*t - q*l - 30 = 0. List the prime factors of t.
2, 5
Let i = -460 + 691. List the prime factors of i.
3, 7, 11
Let h(v) = 4*v - 3. Let g be h(7). Suppose g = -3*t - 4*b, 0*t - 2*b = -5*t - 59. What are the prime factors of -1 - ((-2)/(-2) + t)?
3
Let d = 9 - 2. Let i = d - -7. List the prime factors of i + 0*1/2.
2, 7
Let g(u) = u**2 - 7*u + 8. Let v be g(6). Let s be 4*(-4)/(-3 - -2). List the prime factors of ((-6)/(-8))/(v/s).
2, 3
Let k(f) = 6*f**2 + 3*f - 19. List the prime factors of k(3).
2, 11
Let u be 0 + 2/2 - 0. Suppose -2*l = -u - 7. List the prime factors of 1 - ((l - 2) + -11).
2, 5
Suppose 147*c + 140 = 149*c. What are the prime factors of c?
2, 5, 7
Let k = 140 + -90. What are the prime factors of k?
2, 5
Suppose 0 = -5*r - 27 - 38. What are the prime factors of (r/5 - -3)*35?
2, 7
Suppose 0*f + 15 = 3*f. Suppose 0 = -5*o + 5*h - 155, -3*o + f*h - 47 = -2*o. List the prime factors of (o/(-2))/(3/4).
2, 3
Suppose 0 = -3*t - 2*t + 4*a + 434, -5*a + 20 = 0. What are the prime factors of t?
2, 3, 5
Let q(v) = -v**3 - 15*v**2 - 2*v - 4. What are the prime factors of q(-16)?
2, 71
Let s(z) = z**2 - 2*z. Let x be s(-3). Let n = x - 8. What are the prime factors of n?
7
Let i(a) = -5 + 9*a + 0*a**2 + 2*a**2 + 1 - 3*a**2. What are the prime factors of i(7)?
2, 5
Let y(a) = a**2 - a - 1. Let j(v) = -3*v**2 + 3*v + 4. Let p(g) = -j(g) - 2*y(g). Let f be (-3)/1 - 0/2. List the prime factors of p(f).
2, 5
Suppose 0 = -5*q - t - 85, q + 63 = -2*q - 3*t. Let i = q + 34. What are the prime factors of i?
2, 3
Let x = -20 + 29. Let h = 25 + -11. Let l = h - x. What are the prime factors of l?
5
Suppose 4*a = 2*n + 68, -a + 33 = -3*n + 11. Suppose -a = -i - 4. List the prime factors of i.
2, 3
Suppose -5*v + 5 = 0, -3*k - 4*v = -k + 8. Let s = -39 + 23. Let c = k - s. List the prime factors of c.
2, 5
Let s be (29 - 1) + (-12)/12. Let r = s - 15. What are the prime factors of r?
2, 3
Suppose -4*z - 2*q + 65 = -q, 3*q + 29 = 2*z. List the prime factors of ((-3)/(-2))/(4/z).
2, 3
Let b be 8/28 - (-509)/7. Suppose 5*i - b = 12. What are the prime factors of i/3 - 4/6?
5
Let u(h) = -h**2 + 8*h + 9. Let t be u(7). Suppose -3*g - g = -t. Suppose -3*q - g*s + 20 = 0, -5*q - 5*s + 12 + 23 = 0. What are the prime factors of q?
2
Let l = 14 - 7. Suppose r = 1 + l. List the prime factors of r.
2
Let a(c) be the third derivative of -1/2*c**3 + 7/24*c**4 + 0 + 0*c + 2*c**2. What are the prime factors of a(2)?
11
Let r(a) = -3*a - 3. Let o be r(-6). Let l = 30 - 25. Suppose -90 - o = -l*j. What are the prime factors of j?
3, 7
Let t be ((-4)/(-5))/(6/90). Let m be (-6)/4*t/(-9). Suppose 16 = 3*q - s - 13, -q - 2 = m*s. What are the prime factors of q?
2
Let y(a) be the third derivative of 0 - 13/24*a**4 - 7/3*a**3 + 0*a + 3*a**2 - 1/60*a**5. List the prime factors of y(-10).
2
Let y(o) = o - 3. Let c be y(3). Let x(k) = -2 + 2*k + c*k**2 + 0*k**2 + k**2. What are the prime factors of x(2)?
2, 3
Suppose 16*p - 2142 = 2*p. What are the prime factors of p?
3, 17
What are the prime factors of 9/(-45) - (-282)/10?
2, 7
Let o = 4 + -1. Suppose -o*x - 4*b = -17, -5*x + 5 + 32 = -2*b. What are the prime factors of x?
7
Let r(q) = -6*q**3 - q**2 - 2*q - 1. Let g be r(-1). Suppose g = -5*l + 26. Suppose 0 + 20 = l*c. List the prime factors of c.
5
Let x(a) = 2*a - 9. Suppose -n = 2*n - 21. Let o be x(n). Suppose -5*i + o*t = -75, -4*t = 3*i - 7 - 3. List the prime factors of i.
2, 5
Suppose -2*f + 4 = -0*f. Suppose f = m + m, -m - 6 = -z. List the prime factors of z.
7
Let f(j) = -7*j + 1. Let u be f(1). Let y(t) = t**3 + 5*t**2 - 8*t - 3. Let d be y(u). Let b = d - 3. What are the prime factors of b?
2, 3
Suppose -4*j - 3*g + 12 = 0, 4*j + 7*g - 2*g - 12 = 0. Suppose 0 = 4*m - j*n - 16, 5*m - 2*n - 8 = 3*m. List the prime factors of m.
2
Suppose f - 2*u + 88 = 4*f, 3*f + 5*u = 103. What are the prime factors of f?
2, 13
Let j be (-3 + 4)/((-2)/(-4)). List the prime factors of -2 - -18 - j/2.
3, 5
Let b(r) = 4 - 10 - 5*r + 4*r. What are the prime factors of b(-13)?
7
Let x(a) = a**3 - 6*a**2 + 3*a. Let s be x(5). Let z = 1 - s. What are the prime factors of z?
11
Suppose 2*y - 12 = -0*y. List the prime factors of y.
2, 3
List the prime factors of (9 - 5) + (-167)/(-1).
3, 19
What are the prime factors of 1096/6 - 28/42?
2, 7, 13
Suppose -7*b = -5*n - 3*b + 84, 5*n = -2*b + 108. List the prime factors of n.
2, 5
Let g(q) be the first derivative of q**3/3 - 3*q**2/2 - 6*q + 1. List the prime factors of g(5).
2
Suppose -1 - 114 = -5*w. What are the prime factors of w?
23
Let a(z) = 7*z**3 - 4*z**2 + 1. Let u(m) = 6*m**3 - 4*m**2 + m. Let l(t) = -2*a(t) + 3*u(t). Let w = 8 + -6. What are the prime factors of l(w)?
2, 5
Let n(k) = k**3 + 12*k**2 - k + 9. List the prime factors of n(-12).
3, 7
What are the prime factors of (22 - (-8)/(-4)) + 4?
2, 3
Suppose 0 = 5*v - 976 + 326. List the prime factors of v.
2, 5, 13
Let s be -48*(-2 + (-9)/(-6)). Let r = -1 + s. Let f = 32 - r. What are the prime factors of f?
3
Suppose g - 10 = -o + 4*o, -5*g = -5*o - 40. Suppose -13 = r - g. What are the prime factors of ((-3)/(-1))/(r/(-40))?
2, 5
Let z = 302 + -84. What are the prime factors of z?
2, 109
Let j be 68/5 - 9/15. Let r = -1 + j. What are the prime factors of r?
2, 3
List the prime factors of (78/(-12) - 6)*14*-1.
5, 7
Suppose -20 + 65 = 5*r. Let h be (12/(-2))/((-8)/4). Let v = r - h. What are the prime factors of v?
2, 3
Suppose 4*t = 3*r + 28, 0*r + 3*r = -3*t. Let l be r/(-14) + (-122)/(-14). Suppose 3*y + l = 5*c, 4*y + 2*c - 5 = 3*c. List the prime factors of y.
2
Let i be (1/1)/(2 - 1). Let z = i - -12. List the prime factors of z.
13
Let h(b) = -b**2 + 8*b + 11. Let d be h(9). Let j be ((1 - 1)/(-1))/2. Let n = d - j. What are the prime factors of n?
2
Suppose k = -4*r + 476, r - 126 = -0*k - 2*k. What are the prime factors of r?
2, 59
Suppose 7 + 25 = 4*y + 5*l, -28 = -4*y - 4*l. Suppose -y*c + c + 4*j + 92 = 0, -c + 55 = j. List the prime factors of c.
2, 13
What are the prime factors of (-2)/3 - (-320)/12?
2, 13
Suppose -3*p = 5*h - p - 7, 2*h + 3*p = -6. Let c be 14/(2/(-1)*-1). Let f = c - h. List the prime factors of f.
2
Let s be ((-18)/(-8))/(3/12). Suppose -3*p = -2*z - 2*z - 31, z = p - s. List the prime factors of p.
5
Suppose 0 = 4*s - 92 - 528. What are the prime factors of s?
5, 31
Let o = 8 + -6. Let y = o + 1. List the prime factors of y.
3
Suppose 2*b + 2*b = 16. Suppose 0 = -d + 3*d - 8, 3*z - 26 = b*d. List the prime factors of z.
2, 7
Let q(c) = c**2 + c + 4. What are the prime factors of q(-7)?
2, 23
Let n(o) be the third derivative of o**4 - o**3/6 + 4*o**2. List the prime factors of n(1).
23
Let g(p) = -p + 9. Let h be g(9). Let i = 4 - h. Suppose -22 = -i*q - 4*a - 2, 9 = 2*q + 3*a. List the prime factors of q.
2, 3
Suppose -2*k + 10 = 3*k. Suppose 7*w = k*w + 85. List the prime factors of w.
17
Suppose 2*c = -3*c - 20. Let x(d) = -20*d - 36. Let o(h) = 4*h + 7. Let f(a) = -16*o(a) - 3*x(a). What are the prime factors of f(c)?
2, 3
Suppose 0 = i - 4 - 1. Suppose -3*k = -4 - i. Suppose -k*s - 39 = -6*s. What are the prime factors of s?
13
Let y be (-1)/2 - (-7)/2. Let u be (-4)/6*y/2. Let w = 5 + u. What are the prime factors of w?
2
Suppose 2*x = -2*x - 3*c - 20, 8 = -3*x - 4*c. Let m(r) = -3*r - 10.